+ 4 = 5*g. Let b(z) = 4 - 5*z - 3 + g + 3*z. What is b(-4)?
11
Let v(q) = 2*q + 3. Let w = 4 + -7. Give v(w).
-3
Let a(z) be the second derivative of -z**5/10 + z**4/6 - z**3/3 + z**2/2 - 2*z. Calculate a(1).
-1
Let s(j) = j + 11. Let z(y) = -y - 10. Let u(p) = 3*s(p) + 4*z(p). Determine u(-5).
-2
Let y(n) = -6 - n - 5 - 2 + 4. Determine y(0).
-9
Let l(o) be the third derivative of -1/4*o**4 + 4*o**2 + 0 + 0*o - 1/6*o**3. Calculate l(-2).
11
Let n(c) = -2*c**2 + 3*c. Suppose o = 2*z - 24, 0 = 5*o - 2*o - 4*z + 68. Let r be (-3 + 1)/(8/o). Suppose 5*j - y = y, 5*j - 35 = -r*y. Determine n(j).
-2
Let y be 3/(3/4) - 0. Suppose y*d + 3 = -3*f + 25, -18 = -f - 4*d. Suppose 2*b + f*b - 12 = 0. Let k(l) = -l + 4. Determine k(b).
1
Let w = -70 + 65. Let a(v) = -v**3 - 5*v**2 + 2*v + 2. What is a(w)?
-8
Let j(l) = 3*l - 19. Let b be j(6). Let v(d) = d**3 + d**2 + 2*d + 1. Determine v(b).
-1
Let z(u) = -3*u**2 + 7*u - 1 - 2*u - 4*u. What is z(1)?
-3
Let u = 13 - 9. Let p = -6 - -8. Let k(o) = p - 2*o + o - 2*o. Give k(u).
-10
Let u be -8 + 3 + -1 - -3. Let h(k) = k**3 + 4*k**2 - k - 1. Give h(u).
11
Let a(q) = -7*q**2 + 10*q - 20. Let s(u) = -6*u**2 + 10*u - 18. Let r(z) = -5*a(z) + 6*s(z). Determine r(7).
13
Suppose 0*r + 8*r = -8. Let j(z) = 3*z**3 + 2*z + 1. Calculate j(r).
-4
Let j = 5 + -3. Let x be 2*j/((-4)/(-5)). Let g(a) = a**3 - 6*a**2 + 3*a + 4. What is g(x)?
-6
Let z(y) = -y**2 - 17*y - 21. Let c be z(-16). Let w(k) = -k - 6. Calculate w(c).
-1
Let q(p) = -2*p + 2. Let r be 2/2 + 5/1. What is q(r)?
-10
Suppose 168 = -7*x + 35*x. Let d(o) be the third derivative of o**6/120 - 7*o**5/60 + o**4/4 - 5*o**3/6 + o**2. Give d(x).
-5
Suppose 0 = 3*g - 2*g - 5. Let h be g - 2 - -2 - 1. Let p(t) = -h + 2*t + 6*t - t**2 - 3. Give p(5).
8
Let d(w) be the third derivative of -w**4/12 - 7*w**3/6 + w**2. Let m = -31 + 25. Calculate d(m).
5
Let i = 36 - 33. Let b be (5/4)/(2/8). Suppose i*s + 8 = b*s. Let l(u) = u**2 - 4*u + 1. Determine l(s).
1
Let f(v) = -7*v - 7. Let w(h) = -3*h - 3. Let t(i) = -2*f(i) + 5*w(i). Suppose -3 - 1 = 2*b. What is t(b)?
1
Suppose 0 = -4*r - 2*z + 6, 5*r + 5*z - 2 = -7. Let s(y) = -6*y**2 - 2 + 1 + 0 + 2*y**2 + y**3 - y - 2*y. Give s(r).
-13
Let x(i) = -3*i + 4. Let h(b) = b + 2. Let w be h(4). Let q = w + -4. Let t(r) = 3*r - 2. Let g be t(q). Calculate x(g).
-8
Let t(n) = -1 + n**2 - 13*n + 13*n. Calculate t(2).
3
Let g(m) = m**2 - 3*m. Let x(y) = -2*y**2 + 5*y. Let u(c) = 8*g(c) + 5*x(c). What is u(-1)?
-3
Let k(r) = r + 9. Let a(w) = -w**3 - 9*w**2 - 9*w + 5. Let g be a(-8). Let x = g - 18. Give k(x).
4
Let f = -33 + 31. Let t(h) = h**3 + h**2 - 4*h - 3. Calculate t(f).
1
Let t(n) = -8*n**2 + 13*n. Let c(h) = -7*h**2 + 12*h - 1. Let v(d) = 7*c(d) - 6*t(d). Determine v(5).
-2
Let v(y) = -y**3 + 8*y**2 + 2*y + 7. Let c = 153 + -145. Calculate v(c).
23
Let t = 2 - 3. Let q(y) = 5*y**2 - y + 2. Let w(b) be the first derivative of -b**3/3 + b**2/2 - 14. Let p(c) = t*q(c) - 6*w(c). Calculate p(4).
-6
Suppose 4 = -3*t + 7. Let z = -2 - t. Let u(q) = q**2 + 4*q + 2. Calculate u(z).
-1
Let u(h) be the third derivative of h**5/12 + h**4/12 + h**3/6 - 62*h**2. What is u(-1)?
4
Let l be 185/30 - (-1)/(-6). Let r(w) = -l + 2 + 4 + w**2 - 3. Calculate r(-3).
6
Let s(z) = z**3 + 3*z**2 + 4*z - 1. Suppose 3*x = 5*k + 11, 3*k - k = -5*x - 23. Calculate s(x).
-13
Let d(p) be the second derivative of -p**5/60 + p**4/24 - p**3/6 - 3*p**2/2 - 3*p. Let t(h) be the first derivative of d(h). Determine t(2).
-3
Let g(j) = 2*j + 25. Let c be g(-14). Let v(t) = 2*t**2 + t. What is v(c)?
15
Let n(c) be the third derivative of c**5/10 + c**4/24 - c**3/6 + c**2. Let v be (-16)/(-9) + -1 + (-6)/(-27). Determine n(v).
6
Let p(k) = 3*k**3 + k - 2*k**3 + 89 - k**2 - 88. Let j(g) = g**2 - 1. Let s be j(0). Give p(s).
-2
Let a(k) = -2*k**2 + 4*k + 5. Let s(d) = d**2 - 4*d - 4. Let i(v) = 2*a(v) + 3*s(v). Calculate i(-3).
1
Let g(b) = 5*b - 3. Let v(w) = 11*w - 6. Let j(q) = -14*g(q) + 6*v(q). Determine j(5).
-14
Let s(t) = -t - 2. Let b(a) = 2. Let m(c) = -3. Let u(n) = -4*b(n) - 3*m(n). Let v(h) = -s(h) - 5*u(h). What is v(3)?
0
Let l(x) be the third derivative of -8*x**2 - 5/6*x**3 + 0 + 0*x - 1/24*x**4. Determine l(-3).
-2
Suppose 0 = 2*o + q + 3*q + 20, 0 = -o + q - 7. Let t = o + 13. Suppose 0 = -2*y - t - 5. Let k(f) = f**2 + 5*f + 5. Calculate k(y).
5
Let p = 20 + -18. Let z(c) = 2*c**3 - 2*c**2 - 3*c + 3. Determine z(p).
5
Let f(b) = -b**3 - 7*b**2 - 6*b + 4. Let q(y) = -y**2 - 4*y - 6. Let t be q(-4). Give f(t).
4
Let x(i) = -5*i + 13*i - 6*i. What is x(4)?
8
Let k(t) = -t**2 + 4*t - 2. Let y be (-4)/2 + 7 + -2. What is k(y)?
1
Let j(n) = n**2 + 2. Let k be j(0). Let f(a) = -4*a**3 + 2*a**2 + 3*a - 6. Let s(w) = 5*w**3 - 2*w**2 - 3*w + 7. Let t(h) = -4*f(h) - 3*s(h). Give t(k).
-3
Let v(x) = 8*x - x**2 - x + x + 0*x - 3. Let w be v(7). Let r(f) = f**3 - 3*f**2 - 3*f - 1. Give r(w).
3
Let l = 7 + -5. Suppose -3*u = -l*r - 7 + 16, 2*u + 14 = 4*r. Let s(o) = -o - 2. Let i(k) = -k - 2. Let b(m) = r*i(m) - 2*s(m). What is b(-3)?
1
Let k(f) = -f**3 + 4*f**2 - f + 5. Let z = 70 - 50. Suppose 0*s + 3*s + 5 = -2*r, 4*r - z = 0. Let o = s - -9. Determine k(o).
1
Let s(p) = p + 11. Let z(t) = 1 + t - 1. Let l be z(3). Suppose -l*x - 20 = x. Determine s(x).
6
Let j = 42 + -46. Let d(t) = t**2 - 3*t - 5. Calculate d(j).
23
Let s(y) be the first derivative of -3*y**2/2 + y - 7. What is s(3)?
-8
Let x(w) = w**3 + 4*w**2 - w - 1. Let n be x(-4). Suppose 0*t - n*t = -4*v + 7, -t - 3 = -2*v. Let r(l) = -2*l**2 + l - 1. Determine r(v).
-2
Let l(r) = r**3 + 6*r**2 - 2*r - 8. Let i be l(-6). Suppose -10 = -i*c + 2*s, 2*c + 3 = -c + 5*s. Suppose c*b - 4 = 6*b. Let f(x) = 2*x**2 - 2. What is f(b)?
6
Let n = -9 + 7. Let o(h) be the first derivative of h**2 + 15. Give o(n).
-4
Let o(h) = -3*h**3 - 4*h**2 + 5*h - 4. Let y(f) = 2*f**3 + 3*f**2 - 4*f + 5. Let j(a) = -3*o(a) - 4*y(a). Determine j(0).
-8
Let p(f) be the third derivative of -7*f**5/20 + f**4/24 + 19*f**2. Determine p(1).
-20
Let p(r) be the third derivative of -r**6/120 - r**5/10 - 5*r**4/24 + 2*r**3/3 - 3*r**2. Give p(-4).
-8
Let o(q) = -q**3 - 5*q**2 - q - 7. Let f be o(-5). Let d(l) be the third derivative of 5*l**4/24 - l**2. What is d(f)?
-10
Let v = -44 + 40. Let t(l) = -l**2 - 2*l + 4. Give t(v).
-4
Let j = 13 + -12. Let x(v) = -j + 0*v - 2*v**2 - 2*v - 11*v**2 - 3*v**2. Determine x(-1).
-15
Let z(k) be the second derivative of k**3/6 + k**2/2 - 5*k - 5. Suppose 0 - 2 = 2*j. Give z(j).
0
Let k = -16 - -24. Suppose k = 4*j - 6*t + 4*t, -2*j - 4*t = -14. Let b(g) be the second derivative of g**3/6 - g**2 - g. Determine b(j).
1
Let i(q) = -5*q**2 + 2*q - 1. Let s(g) = g**2 - g. Let p(j) = 2*j + 13. Let v be p(-6). Let y(h) = v*i(h) + 6*s(h). Suppose -4*o - o + 15 = 0. Give y(o).
-4
Let o(n) = -2*n**3 + 3*n**3 - 5 + 4*n**2 + n**2 - n. Let z = 23 + -28. What is o(z)?
0
Suppose 0 = 4*n + 4*f + 8, 5*n + 6*f - 2*f = -10. Let u(j) = -j**2 + 3*j**2 + 3*j - j - j. Give u(n).
6
Let a(i) = -i - 2. Suppose -15 = 4*o - 9*o + 4*h, -5*h = -2*o + 6. Give a(o).
-5
Let w = -2 + 1. Let p = w - -4. Let z(f) = -3*f + 3*f**3 + 2*f - f**p. Determine z(-1).
-1
Let y(m) be the first derivative of m**4/12 + m**3/3 + 2*m**2 - 4. Let j(g) be the second derivative of y(g). Calculate j(-4).
-6
Suppose 0 = 5*h - 4*i + 1, -5*i = -2*h + 5*h - 29. Let y(n) = -n + 4. Give y(h).
1
Let u(c) = -c**3 - 6*c**2 - 5*c - 4. Let q be u(-5). Let f(x) = 2*x**2 + 5*x. Determine f(q).
12
Let l = 38 - 41. Let s(h) = h**3 - 3*h**2 - 2*h. Let q(o) = -3*o**3 + 6*o**2 + 4*o. Let m(y) = -2*q(y) - 5*s(y). What is m(l)?
-6
Let n(x) = -2*x**3 + 14*x**2 + 16*x - 17. Let p(j) = j**3 - 7*j**2 - 8*j + 8. Let a(v) = -4*n(v) - 9*p(v). What is a(8)?
-4
Let q(c) = c**3 - 2*c**2 + 2*c - 3. Let m be (-1)/5 - (-26)/5. Suppose 3*o = -h - 11, -3*o + 7 = -m*h - 2*o. Let j be (2 - 3)/(1/h). Determine q(j).
1
Suppose -b = 2*b + 15. Let j(v) = -v + 2. Let x be j(b). Let z(u) = -2*u - 6*u**2 - 3*u + x*u**2 + 4. Give z(5).
4
Let x be (-4)/(-6) + (-3 - 2/3). Let h(c) = 2*c**2 - 3*c - 3. Determine h(x).
24
Let f(u) be the second derivative of 1/2*u**2 + u + 0 - 1/3*u**3 + 1/6*u**4 + 1/5*u**5. Let b be (-4)/(2*-1) + -1. What is f(b)?
5
Let h be 2*(-1 - (4 - 6)). Let n(p) be the sec